{"id":815,"date":"2024-08-09T14:59:53","date_gmt":"2024-08-09T12:59:53","guid":{"rendered":"https:\/\/gsi-construction.com\/?page_id=815"},"modified":"2024-10-22T12:54:46","modified_gmt":"2024-10-22T10:54:46","slug":"vendre-son-terrain","status":"publish","type":"page","link":"https:\/\/jpsagsiconstruction.fr\/?page_id=815","title":{"rendered":"Vendre son terrain"},"content":{"rendered":"\t\t<div data-elementor-type=\"wp-page\" data-elementor-id=\"815\" class=\"elementor elementor-815\">\n\t\t\t\t<div class=\"elementor-element elementor-element-7dd99a5 e-flex e-con-boxed wpr-particle-no wpr-jarallax-no wpr-parallax-no wpr-sticky-section-no e-con e-parent\" data-id=\"7dd99a5\" data-element_type=\"container\" data-settings=\"{&quot;background_background&quot;:&quot;classic&quot;,&quot;_ha_eqh_enable&quot;:false}\">\n\t\t\t\t\t<div class=\"e-con-inner\">\n\t\t<div class=\"elementor-element elementor-element-895c450 e-con-full e-flex wpr-particle-no wpr-jarallax-no wpr-parallax-no wpr-sticky-section-no e-con e-child\" data-id=\"895c450\" data-element_type=\"container\" data-settings=\"{&quot;background_background&quot;:&quot;classic&quot;,&quot;position&quot;:&quot;absolute&quot;,&quot;_ha_eqh_enable&quot;:false}\">\n\t\t\t\t<\/div>\n\t\t<div class=\"elementor-element elementor-element-00f129e e-flex e-con-boxed wpr-particle-no wpr-jarallax-no wpr-parallax-no wpr-sticky-section-no e-con e-child\" data-id=\"00f129e\" data-element_type=\"container\" data-settings=\"{&quot;_ha_eqh_enable&quot;:false}\">\n\t\t\t\t\t<div class=\"e-con-inner\">\n\t\t\t\t<div class=\"elementor-element elementor-element-56b095b elementor-widget__width-initial ha-has-bg-overlay elementor-widget elementor-widget-heading\" data-id=\"56b095b\" data-element_type=\"widget\" data-widget_type=\"heading.default\">\n\t\t\t\t<div class=\"elementor-widget-container\">\n\t\t\t<style>\/*! elementor - v3.23.0 - 05-08-2024 *\/\n.elementor-heading-title{padding:0;margin:0;line-height:1}.elementor-widget-heading .elementor-heading-title[class*=elementor-size-]>a{color:inherit;font-size:inherit;line-height:inherit}.elementor-widget-heading .elementor-heading-title.elementor-size-small{font-size:15px}.elementor-widget-heading .elementor-heading-title.elementor-size-medium{font-size:19px}.elementor-widget-heading .elementor-heading-title.elementor-size-large{font-size:29px}.elementor-widget-heading .elementor-heading-title.elementor-size-xl{font-size:39px}.elementor-widget-heading .elementor-heading-title.elementor-size-xxl{font-size:59px}<\/style><h2 class=\"elementor-heading-title elementor-size-default\">Vendre son terrain<\/h2>\t\t<\/div>\n\t\t\t\t<\/div>\n\t\t\t\t\t<\/div>\n\t\t\t\t<\/div>\n\t\t\t\t\t<\/div>\n\t\t\t\t<\/div>\n\t\t<div class=\"elementor-element elementor-element-a47f112 e-flex e-con-boxed wpr-particle-no wpr-jarallax-no wpr-parallax-no wpr-sticky-section-no e-con e-parent\" data-id=\"a47f112\" data-element_type=\"container\" data-settings=\"{&quot;background_background&quot;:&quot;classic&quot;,&quot;_ha_eqh_enable&quot;:false}\">\n\t\t\t\t\t<div class=\"e-con-inner\">\n\t\t<div class=\"elementor-element elementor-element-e866465 e-con-full e-flex wpr-particle-no wpr-jarallax-no wpr-parallax-no wpr-sticky-section-no e-con e-child\" data-id=\"e866465\" data-element_type=\"container\" data-settings=\"{&quot;background_background&quot;:&quot;classic&quot;,&quot;_ha_eqh_enable&quot;:false}\">\n\t\t\t\t<div class=\"elementor-element elementor-element-6d5e29e elementor-widget elementor-widget-heading\" data-id=\"6d5e29e\" data-element_type=\"widget\" data-widget_type=\"heading.default\">\n\t\t\t\t<div class=\"elementor-widget-container\">\n\t\t\t<h2 class=\"elementor-heading-title elementor-size-default\">Transformez votre propri\u00e9t\u00e9 en opportunit\u00e9 !<\/h2>\t\t<\/div>\n\t\t\t\t<\/div>\n\t\t\t\t<div class=\"elementor-element elementor-element-4d2c330 vendre-link elementor-widget elementor-widget-text-editor\" data-id=\"4d2c330\" data-element_type=\"widget\" data-widget_type=\"text-editor.default\">\n\t\t\t\t<div class=\"elementor-widget-container\">\n\t\t\t<style>\/*! elementor - v3.23.0 - 05-08-2024 *\/\n.elementor-widget-text-editor.elementor-drop-cap-view-stacked .elementor-drop-cap{background-color:#69727d;color:#fff}.elementor-widget-text-editor.elementor-drop-cap-view-framed .elementor-drop-cap{color:#69727d;border:3px solid;background-color:transparent}.elementor-widget-text-editor:not(.elementor-drop-cap-view-default) .elementor-drop-cap{margin-top:8px}.elementor-widget-text-editor:not(.elementor-drop-cap-view-default) .elementor-drop-cap-letter{width:1em;height:1em}.elementor-widget-text-editor .elementor-drop-cap{float:left;text-align:center;line-height:1;font-size:50px}.elementor-widget-text-editor .elementor-drop-cap-letter{display:inline-block}<\/style>\t\t\t\t<p>Vous disposez d&#8217;un terrain \u00e0 vendre ou d\u2019une maison avec une large parcelle ? Ne laissez pas cette occasion unique passer inaper\u00e7ue ! Que vous souhaitiez maximiser votre investissement ou simplement passer \u00e0 une nouvelle \u00e9tape de votre vie, nous sommes l\u00e0 pour vous aider \u00e0 chaque \u00e9tape.<\/p><p>Contactez <strong>St\u00e9phane Izard<\/strong> au <a href=\"tel:0675081880\">06 75 08 18 80<\/a> ou contactez nous a contact@jpsa.fr<\/p>\t\t\t\t\t\t<\/div>\n\t\t\t\t<\/div>\n\t\t\t\t<\/div>\n\t\t\t\t\t<\/div>\n\t\t\t\t<\/div>\n\t\t\t\t<\/div>\n\t\t","protected":false},"excerpt":{"rendered":"<p>Vendre son terrain Transformez votre propri\u00e9t\u00e9 en opportunit\u00e9 ! Vous disposez d&#8217;un terrain \u00e0 vendre ou d\u2019une maison avec une large parcelle ? Ne laissez pas cette occasion unique passer inaper\u00e7ue ! Que vous souhaitiez maximiser votre investissement ou simplement passer \u00e0 une nouvelle \u00e9tape de votre vie, nous sommes l\u00e0 pour vous aider \u00e0 chaque \u00e9tape. Contactez St\u00e9phane Izard au 06 75 08 18 80 ou contactez nous a contact@jpsa.fr<\/p>\n","protected":false},"author":1,"featured_media":0,"parent":0,"menu_order":0,"comment_status":"closed","ping_status":"closed","template":"","meta":{"_acf_changed":false,"footnotes":""},"class_list":["post-815","page","type-page","status-publish","hentry"],"acf":[],"yoast_head":"<!-- This site is optimized with the Yoast SEO plugin v23.3 - https:\/\/yoast.com\/wordpress\/plugins\/seo\/ -->\n<title>Vendre son terrain - JPSA GSI CONSTRUCTION<\/title>\n<meta name=\"robots\" content=\"index, follow, max-snippet:-1, max-image-preview:large, max-video-preview:-1\" \/>\n<link rel=\"canonical\" href=\"https:\/\/jpsagsiconstruction.fr\/?page_id=815\" \/>\n<meta property=\"og:locale\" content=\"fr_FR\" \/>\n<meta property=\"og:type\" content=\"article\" \/>\n<meta property=\"og:title\" content=\"Vendre son terrain - JPSA GSI CONSTRUCTION\" \/>\n<meta property=\"og:description\" content=\"Vendre son terrain Transformez votre propri\u00e9t\u00e9 en opportunit\u00e9 ! Vous disposez d&#8217;un terrain \u00e0 vendre ou d\u2019une maison avec une large parcelle ? Ne laissez pas cette occasion unique passer inaper\u00e7ue ! Que vous souhaitiez maximiser votre investissement ou simplement passer \u00e0 une nouvelle \u00e9tape de votre vie, nous sommes l\u00e0 pour vous aider \u00e0 chaque \u00e9tape. Contactez St\u00e9phane Izard au 06 75 08 18 80 ou contactez nous a contact@jpsa.fr\" \/>\n<meta property=\"og:url\" content=\"https:\/\/jpsagsiconstruction.fr\/?page_id=815\" \/>\n<meta property=\"og:site_name\" content=\"JPSA GSI CONSTRUCTION\" \/>\n<meta property=\"article:modified_time\" content=\"2024-10-22T10:54:46+00:00\" \/>\n<meta name=\"twitter:card\" content=\"summary_large_image\" \/>\n<meta name=\"twitter:label1\" content=\"Dur\u00e9e de lecture estim\u00e9e\" \/>\n\t<meta name=\"twitter:data1\" content=\"1 minute\" \/>\n<script type=\"application\/ld+json\" class=\"yoast-schema-graph\">{\"@context\":\"https:\/\/schema.org\",\"@graph\":[{\"@type\":\"WebPage\",\"@id\":\"https:\/\/jpsagsiconstruction.fr\/?page_id=815\",\"url\":\"https:\/\/jpsagsiconstruction.fr\/?page_id=815\",\"name\":\"Vendre son terrain - JPSA GSI CONSTRUCTION\",\"isPartOf\":{\"@id\":\"https:\/\/jpsagsiconstruction.fr\/#website\"},\"datePublished\":\"2024-08-09T12:59:53+00:00\",\"dateModified\":\"2024-10-22T10:54:46+00:00\",\"breadcrumb\":{\"@id\":\"https:\/\/jpsagsiconstruction.fr\/?page_id=815#breadcrumb\"},\"inLanguage\":\"fr-FR\",\"potentialAction\":[{\"@type\":\"ReadAction\",\"target\":[\"https:\/\/jpsagsiconstruction.fr\/?page_id=815\"]}]},{\"@type\":\"BreadcrumbList\",\"@id\":\"https:\/\/jpsagsiconstruction.fr\/?page_id=815#breadcrumb\",\"itemListElement\":[{\"@type\":\"ListItem\",\"position\":1,\"name\":\"Accueil\",\"item\":\"https:\/\/jpsagsiconstruction.fr\/\"},{\"@type\":\"ListItem\",\"position\":2,\"name\":\"Vendre son terrain\"}]},{\"@type\":\"WebSite\",\"@id\":\"https:\/\/jpsagsiconstruction.fr\/#website\",\"url\":\"https:\/\/jpsagsiconstruction.fr\/\",\"name\":\"JPSA GSI CONSTRUCTION\",\"description\":\"\",\"potentialAction\":[{\"@type\":\"SearchAction\",\"target\":{\"@type\":\"EntryPoint\",\"urlTemplate\":\"https:\/\/jpsagsiconstruction.fr\/?s={search_term_string}\"},\"query-input\":\"required name=search_term_string\"}],\"inLanguage\":\"fr-FR\"}]}<\/script>\n<!-- \/ Yoast SEO plugin. -->","yoast_head_json":{"title":"Vendre son terrain - JPSA GSI CONSTRUCTION","robots":{"index":"index","follow":"follow","max-snippet":"max-snippet:-1","max-image-preview":"max-image-preview:large","max-video-preview":"max-video-preview:-1"},"canonical":"https:\/\/jpsagsiconstruction.fr\/?page_id=815","og_locale":"fr_FR","og_type":"article","og_title":"Vendre son terrain - JPSA GSI CONSTRUCTION","og_description":"Vendre son terrain Transformez votre propri\u00e9t\u00e9 en opportunit\u00e9 ! Vous disposez d&#8217;un terrain \u00e0 vendre ou d\u2019une maison avec une large parcelle ? Ne laissez pas cette occasion unique passer inaper\u00e7ue ! Que vous souhaitiez maximiser votre investissement ou simplement passer \u00e0 une nouvelle \u00e9tape de votre vie, nous sommes l\u00e0 pour vous aider \u00e0 chaque \u00e9tape. Contactez St\u00e9phane Izard au 06 75 08 18 80 ou contactez nous a contact@jpsa.fr","og_url":"https:\/\/jpsagsiconstruction.fr\/?page_id=815","og_site_name":"JPSA GSI CONSTRUCTION","article_modified_time":"2024-10-22T10:54:46+00:00","twitter_card":"summary_large_image","twitter_misc":{"Dur\u00e9e de lecture estim\u00e9e":"1 minute"},"schema":{"@context":"https:\/\/schema.org","@graph":[{"@type":"WebPage","@id":"https:\/\/jpsagsiconstruction.fr\/?page_id=815","url":"https:\/\/jpsagsiconstruction.fr\/?page_id=815","name":"Vendre son terrain - JPSA GSI CONSTRUCTION","isPartOf":{"@id":"https:\/\/jpsagsiconstruction.fr\/#website"},"datePublished":"2024-08-09T12:59:53+00:00","dateModified":"2024-10-22T10:54:46+00:00","breadcrumb":{"@id":"https:\/\/jpsagsiconstruction.fr\/?page_id=815#breadcrumb"},"inLanguage":"fr-FR","potentialAction":[{"@type":"ReadAction","target":["https:\/\/jpsagsiconstruction.fr\/?page_id=815"]}]},{"@type":"BreadcrumbList","@id":"https:\/\/jpsagsiconstruction.fr\/?page_id=815#breadcrumb","itemListElement":[{"@type":"ListItem","position":1,"name":"Accueil","item":"https:\/\/jpsagsiconstruction.fr\/"},{"@type":"ListItem","position":2,"name":"Vendre son terrain"}]},{"@type":"WebSite","@id":"https:\/\/jpsagsiconstruction.fr\/#website","url":"https:\/\/jpsagsiconstruction.fr\/","name":"JPSA GSI CONSTRUCTION","description":"","potentialAction":[{"@type":"SearchAction","target":{"@type":"EntryPoint","urlTemplate":"https:\/\/jpsagsiconstruction.fr\/?s={search_term_string}"},"query-input":"required name=search_term_string"}],"inLanguage":"fr-FR"}]}},"_links":{"self":[{"href":"https:\/\/jpsagsiconstruction.fr\/index.php?rest_route=\/wp\/v2\/pages\/815","targetHints":{"allow":["GET"]}}],"collection":[{"href":"https:\/\/jpsagsiconstruction.fr\/index.php?rest_route=\/wp\/v2\/pages"}],"about":[{"href":"https:\/\/jpsagsiconstruction.fr\/index.php?rest_route=\/wp\/v2\/types\/page"}],"author":[{"embeddable":true,"href":"https:\/\/jpsagsiconstruction.fr\/index.php?rest_route=\/wp\/v2\/users\/1"}],"replies":[{"embeddable":true,"href":"https:\/\/jpsagsiconstruction.fr\/index.php?rest_route=%2Fwp%2Fv2%2Fcomments&post=815"}],"version-history":[{"count":6,"href":"https:\/\/jpsagsiconstruction.fr\/index.php?rest_route=\/wp\/v2\/pages\/815\/revisions"}],"predecessor-version":[{"id":2038,"href":"https:\/\/jpsagsiconstruction.fr\/index.php?rest_route=\/wp\/v2\/pages\/815\/revisions\/2038"}],"wp:attachment":[{"href":"https:\/\/jpsagsiconstruction.fr\/index.php?rest_route=%2Fwp%2Fv2%2Fmedia&parent=815"}],"curies":[{"name":"wp","href":"https:\/\/api.w.org\/{rel}","templated":true}]}}